897 a multiple of 507?
False
Is 24 a factor of 207600?
True
Is 37510 a multiple of 310?
True
Is 30 a factor of 346680?
True
Is 19 a factor of 177042?
True
Is 1705088 a multiple of 56?
True
Is 466 a factor of 5615766?
True
Is 527249 a multiple of 29?
True
Is 1454 a factor of 2529960?
True
Is 108878 a multiple of 19?
False
Does 165 divide 6656265?
True
Is 39450 a multiple of 25?
True
Does 11 divide 1789424?
False
Does 39 divide 744471?
True
Is 140 a factor of 3758300?
True
Is 62 a factor of 1618076?
True
Is 123 a factor of 785478?
True
Does 25 divide 1762300?
True
Is 4399464 a multiple of 102?
True
Is 8 a factor of 149637?
False
Is 6 a factor of 5721192?
True
Does 280 divide 1253693?
False
Is 156461 a multiple of 111?
False
Does 79 divide 70547?
True
Is 10 a factor of 2091010?
True
Is 694 a factor of 6178682?
True
Is 5337 a multiple of 85?
False
Is 39900 a multiple of 19?
True
Is 4 a factor of 717374?
False
Does 9 divide 4246227?
True
Is 799979 a multiple of 35?
False
Is 1129500 a multiple of 500?
True
Is 7395300 a multiple of 1100?
True
Does 39 divide 73454?
False
Is 143603 a multiple of 79?
False
Is 56 a factor of 1276352?
True
Is 282 a factor of 600612?
False
Does 674 divide 177262?
True
Is 341 a factor of 239382?
True
Is 6 a factor of 2226352?
False
Is 242730 a multiple of 508?
False
Is 2236078 a multiple of 221?
True
Is 423 a factor of 5940612?
True
Does 21 divide 696213?
True
Is 7 a factor of 313869?
False
Is 11 a factor of 106616?
False
Is 250299 a multiple of 242?
False
Does 190 divide 288990?
True
Is 6420 a multiple of 6?
True
Is 10844412 a multiple of 80?
False
Does 176 divide 2367904?
True
Is 1417926 a multiple of 140?
False
Does 13 divide 10810280?
True
Is 1628 a factor of 7267165?
False
Is 39 a factor of 61374?
False
Is 451 a factor of 596819?
False
Is 59 a factor of 166488?
False
Is 5029302 a multiple of 6?
True
Is 449597 a multiple of 273?
False
Does 17 divide 2924?
True
Is 23 a factor of 301161?
False
Is 173 a factor of 218326?
True
Does 12 divide 1958545?
False
Is 101 a factor of 31834?
False
Does 4 divide 36058?
False
Is 929 a factor of 1162419?
False
Is 1103224 a multiple of 262?
False
Does 20 divide 3963580?
True
Does 10 divide 54061?
False
Is 18 a factor of 23132628?
True
Does 42 divide 1554?
True
Does 155 divide 3139810?
False
Is 966205 a multiple of 119?
False
Does 78 divide 753802?
False
Is 9 a factor of 156586?
False
Does 44 divide 299590?
False
Is 3373926 a multiple of 566?
True
Does 13 divide 1632979?
False
Does 17 divide 131317?
False
Is 35633 a multiple of 41?
False
Does 198 divide 45543?
False
Does 4 divide 432?
True
Is 1077270 a multiple of 2?
True
Is 20 a factor of 1056920?
True
Is 250 a factor of 181913?
False
Is 19460076 a multiple of 444?
True
Is 2362340 a multiple of 25?
False
Is 5 a factor of 555700?
True
Is 1910030 a multiple of 70?
False
Does 89 divide 727308?
True
Is 18 a factor of 1909386?
True
Is 211878 a multiple of 447?
True
Is 235 a factor of 779025?
True
Is 19 a factor of 804898?
False
Is 1143 a factor of 2726055?
True
Is 19 a factor of 3314802?
False
Is 12976773 a multiple of 1152?
False
Is 212193 a multiple of 617?
False
Does 69 divide 834417?
True
Is 37961 a multiple of 7?
True
Is 126 a factor of 920556?
True
Is 63791 a multiple of 13?
True
Is 1428540 a multiple of 87?
True
Does 255 divide 1714797?
False
Is 8959 a multiple of 17?
True
Is 105 a factor of 179388?
False
Is 6629068 a multiple of 333?
False
Is 19 a factor of 2130261?
True
Is 3074895 a multiple of 135?
True
Does 328 divide 5582560?
True
Is 5504732 a multiple of 20?
False
Does 98 divide 183456?
True
Is 382 a factor of 956528?
True
Does 187 divide 3759363?
False
Does 203 divide 2145054?
False
Does 29 divide 201434?
True
Is 6907050 a multiple of 31?
False
Does 386 divide 1113610?
True
Is 16160 a multiple of 101?
True
Does 20 divide 3628087?
False
Is 827 a factor of 8358886?
False
Is 35 a factor of 139755?
True
Is 2311219 a multiple of 46?
False
Does 2 divide 1851351?
False
Does 48 divide 193584?
True
Is 371080 a multiple of 20?
True
Does 27 divide 16567558?
False
Does 163 divide 260512?
False
Is 290742 a multiple of 141?
True
Does 262 divide 287676?
True
Is 178 a factor of 168210?
True
Is 36 a factor of 95508?
True
Is 205 a factor of 304835?
True
Is 8 a factor of 19106448?
True
Is 5798550 a multiple of 88?
False
Does 342 divide 7632508?
False
Is 551 a factor of 7328093?
False
Does 86 divide 58136?
True
Is 1960795 a multiple of 777?
False
Is 656871 a multiple of 28?
False
Is 460 a factor of 268901?
False
Is 19800084 a multiple of 277?
False
Is 45468 a multiple of 87?
False
Is 17723397 a multiple of 49?
False
Is 14877835 a multiple of 103?
True
Does 151 divide 116723?
True
Does 39 divide 65520?
True
Is 925 a factor of 530950?
True
Does 5 divide 49028?
False
Is 28 a factor of 1020965?
False
Is 44370 a multiple of 29?
True
Does 5 divide 2118600?
True
Is 48 a factor of 277056?
True
Does 277 divide 2334833?
True
Is 155 a factor of 667461?
False
Is 6849458 a multiple of 79?
True
Is 2894778 a multiple of 18?
True
Is 25584 a multiple of 39?
True
Does 23 divide 316526?
True
Is 444956 a multiple of 643?
True
Does 254 divide 680346?
False
Is 660450 a multiple of 25?
True
Is 1624500 a multiple of 150?
True
Does 6 divide 16621?
False
Is 81 a factor of 68468?
False
Is 47 a factor of 211358?
False
Is 16994018 a multiple of 19?
True
Is 43 a factor of 7039745?
True
Is 66 a factor of 877235?
False
Is 207 a factor of 74206?
False
Is 4931772 a multiple of 226?
True
Is 913249 a multiple of 54?
False
Is 4500220 a multiple of 16?
False
Is 69 a factor of 23529?
True
Is 138 a factor of 48371?
False
Is 13 a factor of 434179?
False
Is 818405 a multiple of 35?
True
Does 13 divide 908518?
True
Is 490 a factor of 9778822?
False
Is 149326 a multiple of 17?
False
Is 2 a factor of 22119?
False
Does 260 divide 2912250?
False
Does 9 divide 164781?
True
Is 32192592 a multiple of 8?
True
Is 6 a factor of 407094?
True
Does 56 divide 15871338?
False
Is 676 a multiple of 13?
True
Does 1647 divide 11993454?
True
Does 464 divide 56144?
True
Is 123 a factor of 9809250?
True
Does 661 divide 2630119?
True
Is 500891 a multiple of 171?
False
Is 38214847 a multiple of 2993?
False
Is 3059127 a multiple of 9?
True
Is 640 a factor of 4826880?
True
Is 822073 a multiple of 49?
True
Is 1638276 a multiple of 12?
True
Does 130 divide 283140?
True
Does 13 divide 1516203?
True
Is 98803 a multiple of 18?
False
Is 517 a factor of 13651902?
True
Is 49949 a multiple of 158?
False
Is 145757 a multiple of 214?
False
Is 362 a factor of 2280184?
False
Is 4188755 a multiple of 5?
True
Does 18 divide 963204?
False
Is 189 a factor of 355887?
True
Is 641 a factor of 799968?
True
Is 1380827 a multiple of 4?
False
Does 9 divide 426669?
False
Is 1988740 a multiple of 65?
True
Is 64029 a multiple of 14?
False
Does 14 divide 15974?
True
Is 11 a factor of 1174937?
False
Does 57 divide 5463108?
True
Does 20 divide 31784?
False
Is 456 a factor of 1868688?
True
Is 123 a factor of 112367?
False
Is 21 a factor of 255696?
True
Does 15 divide 2880949?
False
Is 430 a factor of 1152445?
False
Is 10 a factor of 3130?
True
Does 40 divide 2401763?
False
Is 4 a factor of 56700?
True
Is 107 a factor of 36808?
True
Is 506 a factor of 254518?
True
Does 545 divide 10420945?
True
Does 212 divide 3744344?
True
Does 43 divide 201237?
False
Is 18 a factor of 12993696?
True
Is 839033 a multiple of 273?
False
Does 5 divide 1779546?
False
Does 48 divide 2644544?
False
Does 6 divide 406178?
False
Is 3416236 a multiple of 10?
False
Is 13 a factor of 363389?
True
Is 20396 a multiple of 110?
False
Is 90 a factor of 9818640?
True
Is 31 a factor of 212380?
False
Is 133 a factor of 1697878?
True
Does 7 divide 2743265?
True
Is 174 a factor of 57246?
True
Is 606426 a multiple of 53?
True
Does 94 divide 1506214?
False
Does 232 divide 273341?
False
Is 1183988 a multiple of 260?
False
Is 1151268 a multiple of 28?
False
Is 1054380 a multiple of 15?
True
Does 123 divide 115251?
True
Is 18271753 a multiple of 896?
False
Is 1422408 a multiple of 6?
True
Is 1671950 a multiple of 281?
True
Is 5222917 a multiple of 24?
False
Is 3 a factor of 1084016?
False
Is 61824 a multiple of 64?
True
Does 82 divide 96022?
True
Is 188 a factor of 586936?
True
Is 976